74?
2, 7, 61, 14831
List the prime factors of 99466176.
2, 3, 139, 3727
List the prime factors of 50424857.
7, 61, 269, 439
List the prime factors of 3517844.
2, 11, 17, 4703
List the prime factors of 341718583.
503, 679361
List the prime factors of 3058794790.
2, 5, 15091, 20269
What are the prime factors of 948137902?
2, 5237, 90523
What are the prime factors of 4654178033?
4654178033
What are the prime factors of 108326591?
108326591
What are the prime factors of 671439837?
3, 17, 13165487
List the prime factors of 14004230.
2, 5, 1400423
List the prime factors of 56187491.
857, 65563
What are the prime factors of 8829243807?
3, 29, 37, 2742853
What are the prime factors of 7852476620?
2, 5, 41, 3001, 3191
List the prime factors of 420455148.
2, 3, 53, 661093
List the prime factors of 1558199567.
3449, 451783
What are the prime factors of 1038827832?
2, 3, 7, 883357
List the prime factors of 816342158.
2, 31, 13166809
What are the prime factors of 1405040110?
2, 5, 140504011
What are the prime factors of 1623177708?
2, 3, 135264809
List the prime factors of 618623346.
2, 3, 11, 9373081
What are the prime factors of 179670047?
2837, 63331
What are the prime factors of 84864903?
3, 28288301
What are the prime factors of 165795951?
3, 17, 3250901
List the prime factors of 106039810.
2, 5, 10603981
List the prime factors of 109459313.
349, 313637
List the prime factors of 45744671.
7, 17, 53, 7253
List the prime factors of 1474374812.
2, 3631, 101513
What are the prime factors of 3526265152?
2, 103, 534931
What are the prime factors of 3948910301?
7, 564130043
What are the prime factors of 590901428?
2, 13, 11363489
What are the prime factors of 281883502?
2, 140941751
What are the prime factors of 9657626?
2, 11, 438983
What are the prime factors of 79753817?
11, 13, 17, 53, 619
What are the prime factors of 415655926?
2, 7, 131, 32377
List the prime factors of 2488039044.
2, 3, 31, 479, 13963
What are the prime factors of 114643460?
2, 5, 367, 15619
What are the prime factors of 355345366?
2, 177672683
List the prime factors of 3488844643.
1229, 2838767
What are the prime factors of 1543661825?
5, 2381, 25933
What are the prime factors of 781270950?
2, 3, 5, 5208473
What are the prime factors of 128025810?
2, 3, 5, 11, 17, 7607
List the prime factors of 281512922.
2, 31, 4540531
List the prime factors of 61137538.
2, 7, 11, 396997
What are the prime factors of 98545616?
2, 13, 23, 20599
List the prime factors of 152084269.
152084269
List the prime factors of 581142848.
2, 11, 13, 63499
List the prime factors of 97654916.
2, 24413729
List the prime factors of 298816833.
3, 7, 229, 62137
List the prime factors of 1350458068.
2, 173, 1951529
What are the prime factors of 105438488?
2, 17, 137, 5659
List the prime factors of 439715416.
2, 7, 1121723
List the prime factors of 416477816.
2, 29, 53, 33871
What are the prime factors of 142808456?
2, 7, 37, 157, 439
What are the prime factors of 2420863491?
3, 37, 41, 521, 1021
List the prime factors of 52550936.
2, 6568867
List the prime factors of 30123768.
2, 3, 1255157
List the prime factors of 352385370.
2, 3, 5, 31, 42101
List the prime factors of 495705498.
2, 3, 41, 2015063
What are the prime factors of 37089677?
151, 245627
What are the prime factors of 390046323?
3, 130015441
List the prime factors of 3227787038.
2, 7, 107, 2154731
What are the prime factors of 4067252926?
2, 11, 10163, 18191
List the prime factors of 351822702.
2, 3, 7, 11, 761521
List the prime factors of 144390932.
2, 7, 31, 166349
What are the prime factors of 33130277?
33130277
What are the prime factors of 2537492780?
2, 5, 43, 199, 14827
List the prime factors of 329380530.
2, 3, 5, 2803, 3917
What are the prime factors of 6396684682?
2, 3198342341
List the prime factors of 1257561158.
2, 7, 4957, 18121
List the prime factors of 3257231270.
2, 5, 3209, 101503
What are the prime factors of 71389780?
2, 5, 7, 11, 151, 307
List the prime factors of 5047235465.
5, 61, 131, 126323
What are the prime factors of 382320511?
2141, 178571
List the prime factors of 595103892.
2, 3, 49591991
List the prime factors of 568749525.
3, 5, 7583327
List the prime factors of 1814778465.
3, 5, 120985231
List the prime factors of 58858527.
3, 7, 13, 37, 5827
List the prime factors of 336603576.
2, 3, 503, 27883
What are the prime factors of 4665066606?
2, 3, 73, 3550279
What are the prime factors of 38497759?
2099, 18341
List the prime factors of 43279171.
13, 223, 14929
List the prime factors of 187839556.
2, 46959889
List the prime factors of 50320213.
50320213
List the prime factors of 255286266.
2, 3, 53, 802787
List the prime factors of 516199190.
2, 5, 13, 3970763
What are the prime factors of 172199393?
8191, 21023
What are the prime factors of 2291087200?
2, 5, 2863859
What are the prime factors of 65270926?
2, 7, 4662209
What are the prime factors of 41614485?
3, 5, 11, 252209
List the prime factors of 84407372.
2, 7, 3014549
What are the prime factors of 119993242?
2, 17, 29, 121697
What are the prime factors of 5154645865?
5, 1030929173
List the prime factors of 591946096.
2, 7, 1319, 4007
List the prime factors of 281501772.
2, 3, 37, 634013
What are the prime factors of 13703251?
2437, 5623
List the prime factors of 2169619990.
2, 5, 216961999
List the prime factors of 1993065133.
8941, 222913
List the prime factors of 420871980.
2, 3, 5, 7014533
List the prime factors of 4412366106.
2, 3, 37, 199, 99877
List the prime factors of 334010635.
5, 7, 127, 163, 461
List the prime factors of 60466624.
2, 29, 32579
What are the prime factors of 216992684?
2, 31, 1749941
List the prime factors of 938043867.
3, 17, 79, 232823
What are the prime factors of 90649633?
43, 1039, 2029
List the prime factors of 621400105.
5, 124280021
What are the prime factors of 19806339?
3, 7, 67, 2011
List the prime factors of 53995746.
2, 3, 7, 26237
List the prime factors of 89986535.
5, 419, 42953
List the prime factors of 2035667563.
2035667563
List the prime factors of 40760191.
41, 167, 5953
List the prime factors of 42870523.
191, 389, 577
What are the prime factors of 36165700?
2, 5, 503, 719
List the prime factors of 17313580.
2, 5, 29, 29851
What are the prime factors of 84293837?
17, 127, 39043
What are the prime factors of 54411878?
2, 61, 653, 683
List the prime factors of 833320154.
2, 416660077
List the prime factors of 350178546.
2, 3, 17, 3433123
What are the prime factors of 234314011?
3701, 63311
What are the prime factors of 1873928259?
3, 7, 3259, 9127
What are the prime factors of 383269877?
223, 1718699
What are the prime factors of 131585687?
41, 3209407
List the prime factors of 35132508.
2, 3, 325301
List the prime factors of 3270412.
2, 817603
What are the prime factors of 58532444?
2, 14633111
List the prime factors of 8823259.
101, 87359
List the prime factors of 90444475.
5, 11, 29, 1031
List the prime factors of 16063135.
5, 11, 292057
List the prime factors of 3822107391.
3, 15728837
List the prime factors of 356438392.
2, 67, 664997
List the prime factors of 7058816036.
2, 1764704009
What are the prime factors of 2035370868?
2, 3, 169614239
What are the prime factors of 204047650?
2, 5, 19, 214787
List the prime factors of 644279075.
5, 11, 19, 123307
What are the prime factors of 95621930?
2, 5, 1453, 6581
What are the prime factors of 7302340?
2, 5, 53, 83
List the prime factors of 219667990.
2, 5, 4349, 5051
What are the prime factors of 171372500?
2, 5, 13, 5273
List the prime factors of 6057780515.
5, 1211556103
What are the prime factors of 56764269?
3, 1871, 3371
What are the prime factors of 159288303?
3, 113, 469877
List the prime factors of 3895638.
2, 3, 649273
List the prime factors of 400521563.
13, 23, 83, 16139
What are the prime factors of 1356642398?
2, 17, 31, 67, 19211
List the prime factors of 92404274.
2, 46202137
List the prime factors of 790353985.
5, 9697, 16301
List the prime factors of 201998536.
2, 59, 281, 1523
What are the prime factors of 919756123?
11, 13, 19, 503, 673
List the prime factors of 718149980.
2, 5, 35907499
What are the prime factors of 24337910?
2, 5, 23, 105817
List the prime factors of 8129662081.
41, 607, 326663
List the prime factors of 1018806331.
541, 1883191
List th